d(c) be the first derivative of c**3/3 - c**2 - 3*c + 30. Determine d(h).
12
Let j(z) = 16*z**3 - z - 2. Let p(d) = d + 1. Let c(n) = j(n) + p(n). Give c(-1).
-17
Let y(f) = -5*f - 2. Let r(h) = -4*h - 2. Let c(x) = -4*r(x) + 3*y(x). Calculate c(-6).
-4
Let o(p) = 4*p**2 - 2*p + 8. Let g(h) = 7*h**2 - 5*h + 15. Let f(j) = -3*g(j) + 5*o(j). Give f(4).
-1
Let q = -13 - -13. Let y(h) = -8 + q*h + 3 + 0*h - h - h**2. What is y(0)?
-5
Let m = -20 - -26. Let s = -2 + 10. Let t = s - m. Let x(b) = -b**3 + 2*b**2 + 1. Give x(t).
1
Let f(g) = -g**2 + g - 4. Let u be (0 - 3/3*1) + 1. Give f(u).
-4
Let i be 72/(-32) + 6/(-8). Let p(g) be the third derivative of 4*g**2 - 1/30*g**5 - 1/120*g**6 + 0*g**4 - 2/3*g**3 + 0*g + 0. What is p(i)?
5
Let c be (-4)/(-6)*(-3)/(-2). Let n(w) be the second derivative of w**5/10 + w**4/12 - w**3/3 + w**2/2 - 58*w. Determine n(c).
2
Let y(i) = 18*i - 1. Let q(t) = -19*t + 1. Let r be 3/(1 - (-6)/(-4)). Let p(w) = r*q(w) - 7*y(w). Calculate p(1).
-11
Suppose 0 = -2*u + 5 + 3. Let v(c) = -c - 3*c + c + u*c. What is v(2)?
2
Let w = 12 - 10. Let a(t) = 2*t**3 - 2*t**2 + 2*t - 2. Determine a(w).
10
Let k(g) = -g**2 + 4*g - 1. Let u = 31 - 26. Give k(u).
-6
Suppose 10 = 2*h, h - 3 - 2 = -3*y. Suppose -4*o = -4*k, y*o = 4*k - 2*o. Let a = k - -1. Let m(i) = 5*i + 1. Determine m(a).
6
Let y(a) = 21*a**3 - 5*a**2 - 68*a**3 + 24*a**3 + 6*a + 22*a**3. What is y(-6)?
0
Let u(o) = 2*o + 3. Suppose -3*y + 32 = -y. Suppose -s = -2*f + 3*s, 5*f + y = 2*s. Calculate u(f).
-5
Let y = 3 - 5. Let k = y - 0. Let f(l) = l**3 + l**2 + 2. Calculate f(k).
-2
Let k be 2 + -2 + 4 + 11. Suppose -6*c = -11*c - k. Let i(q) be the second derivative of -q**3/6 + q**2/2 + q. What is i(c)?
4
Suppose 5*r - 3*l - 15 = 2*r, 2*r + 5*l - 10 = 0. Let q(f) = -2*f**3 + f**2 + f. Let m(b) = 4*b**3 - b**2 - 2*b. Let a(j) = r*q(j) + 3*m(j). Calculate a(-2).
-6
Let b = -2 - -4. Suppose -24 = -4*z + z + 5*c, z - b*c = 9. Let p(l) = 2*l**2 - 3*l - 3. What is p(z)?
6
Let z = 11 - 7. Let k(b) = -3*b + b + z*b. What is k(-2)?
-4
Let m(h) = h**2 + h + 1. Let b(x) = -x**2 + x - 1. Let f be ((5 - 0) + -3)*2. Let d = 3 - f. Let l(r) = d*b(r) - 2*m(r). Calculate l(-2).
1
Let n(v) = 2*v - 2*v + v. Suppose -w = -2 - 3. Determine n(w).
5
Suppose 3*k - 33 = 2*c, 0*c = -4*k + 2*c + 44. Let n(p) = -11 + k + p. What is n(0)?
0
Let v(m) = 0*m + 2 - 8*m**2 - 4*m + 4*m**2 + m**3. What is v(4)?
-14
Let t(f) = f**2 + 3*f - 7. Suppose b = -0*k + 3*k + 9, -3*k - b - 15 = 0. Determine t(k).
-3
Let a(t) be the third derivative of -1/12*t**4 + 1/3*t**3 + 0*t + 0 + 2*t**2 - 1/20*t**5. Let u be 3/((-30)/4)*5. What is a(u)?
-6
Suppose -2*c + 3 + 15 = 0. Let t = c - 5. Let p(n) = 0*n + 3*n - t*n. Calculate p(-3).
3
Let k(w) = 2*w + 9. Suppose -11*b = -13*b - 14. Determine k(b).
-5
Let l(w) = -w**3 - 3*w**2 - 3*w - 7. Let i be l(-3). Let q(a) = -1 + a**2 + 2*a - 1 + a. What is q(i)?
8
Let c(m) = -3*m**3 + 2*m**2 - m + 10. Let d(k) = k**3 - k**2. Let w(h) = c(h) + 2*d(h). Calculate w(0).
10
Let r(p) be the third derivative of 0 - 1/12*p**5 + 0*p + p**2 - 1/12*p**4 - 1/6*p**3. Let z(x) = -x + 15. Let d be z(16). Calculate r(d).
-4
Let z(i) be the second derivative of i**7/2520 - 7*i**6/720 + i**5/15 - i**4/4 + 5*i. Let k(p) be the third derivative of z(p). What is k(6)?
2
Let v(q) be the second derivative of q**3/6 - q**2/2 + 26*q. Give v(-3).
-4
Suppose 2*m - 31 = 2*x - 7*x, 4*m + 36 = 4*x. Let i(o) = -o**2 + 5*o + 3. What is i(x)?
-11
Let m be (-4 + -3)*(27/7 + -3). Let j(s) = s - 2. What is j(m)?
-8
Suppose 0 = 4*t + d - 2*d + 5, 5*t + d + 13 = 0. Let f(u) be the second derivative of -u**4/12 + u**3/2 + 3*u**2/2 - 13*u. Calculate f(t).
-7
Let s(i) = i**2 + 5*i + 4 + 2 - 2. Give s(-5).
4
Let i = -3 - -6. Let v(r) = r**2 + 0*r - 2 + r + i*r. Let a = -10 - -7. Calculate v(a).
-5
Suppose -2*z - 4 - 2 = 0. Let w(f) = -f - 4. Let h be w(z). Let l = h + -1. Let n(g) = -2*g**2 - 1. What is n(l)?
-9
Let k be (-6)/4*44/(-33). Let u(c) = 7 + 2*c**k + c - 7. What is u(-2)?
6
Suppose 6 = -s + 3*s. Suppose -5*a = -5*f + 5 + 5, -5 = -5*a. Let o(l) = -3*l**2 + s*l**2 - l + l**f + 2. Calculate o(2).
8
Let z(b) = -9*b**2 + 10 + 15*b**2 - 5*b**3 + 4*b**3 - 6*b. Let r be z(5). Let a(y) = y**2 - 5*y + 3. Calculate a(r).
3
Let d(n) = -n**2 - 7*n - 7. Let q be d(-4). Let g(j) = j**3 - 5*j**2. Let c be g(q). Let b(i) = -i - 1. What is b(c)?
-1
Suppose 1 = -2*q - 5*b, -q - b = -2 + 4. Let r(s) = 8*s - 2*s - 10*s - 4. Give r(q).
8
Let z(t) = -t**2 - 7*t - 4. Let i be z(-5). Let n(u) = 2*u + 2. What is n(i)?
14
Let f(s) be the third derivative of 0 - 3*s**2 + 1/24*s**4 - 1/60*s**5 - 1/6*s**3 + 0*s + 1/120*s**6. Determine f(0).
-1
Let k = -1 + -4. Suppose 4 + 12 = -2*v. Let y(j) = 11*j + 2. Let c(w) = -4*w - 1. Let t(m) = v*c(m) - 3*y(m). Calculate t(k).
7
Let k(s) = -s - 3*s**2 + 4 + 2*s - 6*s. Let b(i) = 3 + i - 2 - 2*i. Let g(v) = 6*b(v) - k(v). Give g(2).
12
Let k(x) be the second derivative of x**4/12 + 3*x**2 + 7*x. What is k(0)?
6
Let i(t) = -t + 2. Let o be (-6)/2*(-35)/(-21). What is i(o)?
7
Let o = -3 + 0. Let r = 2 + -2. Let k(g) = r*g + 2*g - 2 - g. Give k(o).
-5
Let l(f) = 28*f + 25*f + 1 + 3 - 52*f. What is l(-7)?
-3
Let g = 3 + -9. Let y(f) = 2*f + 8. Let r(t) = 10*t + 41. Let a(q) = 2*r(q) - 11*y(q). Determine a(g).
6
Let l(r) be the first derivative of r**2/2 - 5*r - 2. Let k(x) = -x + 13. Let y = 27 - 18. Let v be k(y). What is l(v)?
-1
Let w(j) = -j**3 - j**2 - j + 1. Let s(c) = -3*c**3 - 6*c**2 - 5*c + 4. Let g(q) = s(q) - 4*w(q). Give g(2).
-2
Let z = -12 + 14. Let s be 9/(-6)*z + -1. Let o(y) = 2*y**2 + 4*y - 5. Determine o(s).
11
Let v(f) = -3*f**2 + 3*f - 2. Let q be 32/12 + ((-10)/3)/5. Determine v(q).
-8
Let f(s) be the second derivative of -s**4/6 - s**3/6 + s**2 - 11*s. What is f(-3)?
-13
Let y(m) = -9*m**3 + m**2 + m - 2. Let j be y(1). Let c(d) = d**2 + 9*d - 4. Give c(j).
-4
Let a(l) = -35*l + 3 + 36*l - 12*l**3 - 3. What is a(-1)?
11
Let x be (-4)/(-6) + (-28)/(-21). Let h(b) = 0*b + b + 10 + 0*b**x - b**2. Calculate h(0).
10
Let d(a) = -7*a**3 - 2*a**2 - 2*a - 1. Let p = 0 + -1. Let s be 1*(-5 + -1)*p. Let v be (-20)/12 - (-4)/s. Calculate d(v).
6
Let l(r) = -8*r + r**3 - 4*r**2 + r**2 - 2*r**2 + 6. Give l(6).
-6
Let u(f) = -f + 2. Let v be (-2)/(-7) - ((-120)/(-28) + 1). Give u(v).
7
Let k(q) = q**3 + 10*q**2 - 11*q + 1. Let z be k(-11). Let s(g) = 5*g**3 - 2*g + 1. What is s(z)?
4
Let v(o) = -o**2 + 3*o + 2. Let b be v(3). Let q(r) = -r**2 + r + 1 - 1 - 2*r**b. Suppose -4*t + 3*u + 9 = -1, 0 = 2*t + 2*u + 2. Calculate q(t).
-2
Suppose r + 4*i = -25, -2*i - 3*i = -5*r. Let t be 1*3 + 16/(-8). Let q(k) = 9 - t - 3 - 3*k + 5*k. Determine q(r).
-5
Let t(z) = z**2 - 5*z + 1. Suppose -2*b = 3*b + l - 19, 0 = 3*l + 3. Determine t(b).
-3
Suppose -10 = 3*x - 1. Let g = x + 6. Suppose -5*n = -g*n. Let k(r) = -r. Give k(n).
0
Let k = -13 + 20. Let m(j) = -6*j**2 + 5*j**2 - k*j - 4 + 3*j. What is m(-4)?
-4
Suppose -3*h + h = 8. Let w(x) be the second derivative of -x**3/6 - 5*x**2/2 + 17*x. Give w(h).
-1
Let r(c) be the second derivative of 2*c**5/5 + c**2/2 - 30*c. Determine r(1).
9
Let k be (12/(-1))/(-3) - -1. Let u be (k - 15)*1/2. Let n(c) = -c**2 - 4*c + 7. Give n(u).
2
Suppose -13 = 2*j - 7*j + 4*l, -2*l - 6 = -2*j. Let n(c) be the third derivative of c**5/12 - c**4/12 + c**3/6 + 18*c**2 + 1. Give n(j).
4
Let x be (-10)/3 + (-2)/(-6). Let d be 20/12 + 2/x. Let k(l) = -3*l + 1. Determine k(d).
-2
Let g(b) = 2*b - 4. Suppose -5*j - 81 = -2*u, 2*j = -2*u - 0*u + 46. Let f be 4*(-6)/u*-7. Let s = -1 + f. Give g(s).
6
Let j(d) = -d**3 + 2*d - 1. Let g(w) = -6*w**3 + w**2 + 9*w - 4. Let c(n) = -2*g(n) + 11*j(n). What is c(2)?
5
Let j(i) = -i**2 - i + 0*i + 0*i**3 + 3*i**3. Let v(o) be the third derivative of -o**6/120 - o**5/15 - o**4/12 + o**3/3 + 3*o**2. Let k be v(-3). Give j(k).
-3
Let p(j) be the third derivative of -j**5/60 - j**4/12 - j**3/6 + 13*j**2 + 2*j. Determine p(-5).
-16
Let r(w) be the first derivative of 10*w + 2 - 1/2*w**2. Give r(6).
4
Let j(d) = 4*d**2 - 4*d - 3. Let b(k) be the first derivative of 7*k**3/3 - 4*k**2 - 7*k - 1. Let f(l) = -3*b(l) + 5*j(l). Give f(6).
-6
Let y(h) = -h**2 - 3*h + 1. Let b(o) = -o**3 + 3*o**2 + 7*o + 5. Let l(a) = a**3 - 2*a**2 - 6*a - 4. Let p(v)